{"id":42162,"date":"2026-04-27T05:37:04","date_gmt":"2026-04-27T03:37:04","guid":{"rendered":"https:\/\/visomacs.com\/?post_type=product&#038;p=42162"},"modified":"2026-04-27T15:53:47","modified_gmt":"2026-04-27T13:53:47","slug":"macbook-pro-retina-13-2020-touchbar-i5-16gb-ram-512gb-ssd-space-grey-box","status":"publish","type":"product","link":"https:\/\/visomacs.com\/pt\/tienda-apple-segunda-mano-sevilla\/macbook-pro-retina-13-2020-touchbar-i5-16gb-ram-512gb-ssd-space-grey-box\/","title":{"rendered":"MACBOOK PRO RETINA 13 2020 TOUCHBAR, I5\/16GB RAM\/512GB SSD SPACE GREY BOX"},"content":{"rendered":"","protected":false},"excerpt":{"rendered":"<p>MacBook Pro Retina 13 Touchbar a\u00f1o 2020, color Space Grey, equipado con procesador i5-1038NG7, 16 GB RAM y SSD de 512GB. La bater\u00eda presenta \u00a0ciclos de carga. Presenta leves marcas de uso, como puede verse en las im\u00e1genes de producto. Se entrega con su embalaje original y 1 a\u00f1o de garant\u00eda.<\/p>\n","protected":false},"featured_media":0,"template":"","meta":{"_joinchat":[]},"product_brand":[],"product_cat":[95],"product_tag":[],"class_list":{"0":"post-42162","1":"product","2":"type-product","3":"status-publish","5":"product_cat-macbook-pro-segunda-mano-sevilla","7":"first","8":"instock","9":"purchasable","10":"product-type-simple"},"composite_layout":"","composite_components":[],"composite_scenarios":[],"acf":[],"yoast_head":"<!-- This site is optimized with the Yoast SEO plugin v27.4 - https:\/\/yoast.com\/product\/yoast-seo-wordpress\/ -->\n<title>MACBOOK PRO RETINA 13 2020 TOUCHBAR, I5\/16GB RAM\/512GB SSD SPACE GREY BOX - Visomacs - Dispositivos Apple de segunda mano al mejor precio<\/title>\n<meta name=\"robots\" content=\"index, follow, max-snippet:-1, max-image-preview:large, max-video-preview:-1\" \/>\n<link rel=\"canonical\" href=\"https:\/\/visomacs.com\/tienda-apple-segunda-mano-sevilla\/macbook-pro-retina-13-2020-touchbar-i5-16gb-ram-512gb-ssd-space-grey-box\/\" \/>\n<meta property=\"og:locale\" content=\"pt_PT\" \/>\n<meta property=\"og:type\" content=\"article\" \/>\n<meta property=\"og:title\" content=\"MACBOOK PRO RETINA 13 2020 TOUCHBAR, I5\/16GB RAM\/512GB SSD SPACE GREY BOX - Visomacs - Dispositivos Apple de segunda mano al mejor precio\" \/>\n<meta property=\"og:description\" content=\"MacBook Pro Retina 13 Touchbar a\u00f1o 2020, color Space Grey, equipado con procesador i5-1038NG7, 16 GB RAM y SSD de 512GB. La bater\u00eda presenta \u00a0ciclos de carga. Presenta leves marcas de uso, como puede verse en las im\u00e1genes de producto. Se entrega con su embalaje original y 1 a\u00f1o de garant\u00eda.\" \/>\n<meta property=\"og:url\" content=\"https:\/\/visomacs.com\/tienda-apple-segunda-mano-sevilla\/macbook-pro-retina-13-2020-touchbar-i5-16gb-ram-512gb-ssd-space-grey-box\/\" \/>\n<meta property=\"og:site_name\" content=\"Visomacs - Dispositivos Apple de segunda mano al mejor precio\" \/>\n<meta property=\"article:publisher\" content=\"https:\/\/www.facebook.com\/visomacs\/\" \/>\n<meta property=\"article:modified_time\" content=\"2026-04-27T13:53:47+00:00\" \/>\n<meta name=\"twitter:card\" content=\"summary_large_image\" \/>\n<!-- \/ Yoast SEO plugin. -->","yoast_head_json":{"title":"MACBOOK PRO RETINA 13 2020 TOUCHBAR, I5\/16GB RAM\/512GB SSD SPACE GREY BOX - Visomacs - Dispositivos Apple de segunda mano al mejor precio","robots":{"index":"index","follow":"follow","max-snippet":"max-snippet:-1","max-image-preview":"max-image-preview:large","max-video-preview":"max-video-preview:-1"},"canonical":"https:\/\/visomacs.com\/tienda-apple-segunda-mano-sevilla\/macbook-pro-retina-13-2020-touchbar-i5-16gb-ram-512gb-ssd-space-grey-box\/","og_locale":"pt_PT","og_type":"article","og_title":"MACBOOK PRO RETINA 13 2020 TOUCHBAR, I5\/16GB RAM\/512GB SSD SPACE GREY BOX - Visomacs - Dispositivos Apple de segunda mano al mejor precio","og_description":"MacBook Pro Retina 13 Touchbar a\u00f1o 2020, color Space Grey, equipado con procesador i5-1038NG7, 16 GB RAM y SSD de 512GB. La bater\u00eda presenta \u00a0ciclos de carga. Presenta leves marcas de uso, como puede verse en las im\u00e1genes de producto. Se entrega con su embalaje original y 1 a\u00f1o de garant\u00eda.","og_url":"https:\/\/visomacs.com\/tienda-apple-segunda-mano-sevilla\/macbook-pro-retina-13-2020-touchbar-i5-16gb-ram-512gb-ssd-space-grey-box\/","og_site_name":"Visomacs - Dispositivos Apple de segunda mano al mejor precio","article_publisher":"https:\/\/www.facebook.com\/visomacs\/","article_modified_time":"2026-04-27T13:53:47+00:00","twitter_card":"summary_large_image","schema":{"@context":"https:\/\/schema.org","@graph":[{"@type":"WebPage","@id":"https:\/\/visomacs.com\/tienda-apple-segunda-mano-sevilla\/macbook-pro-retina-13-2020-touchbar-i5-16gb-ram-512gb-ssd-space-grey-box\/","url":"https:\/\/visomacs.com\/tienda-apple-segunda-mano-sevilla\/macbook-pro-retina-13-2020-touchbar-i5-16gb-ram-512gb-ssd-space-grey-box\/","name":"MACBOOK PRO RETINA 13 2020 TOUCHBAR, I5\/16GB RAM\/512GB SSD SPACE GREY BOX - Visomacs - Dispositivos Apple de segunda mano al mejor precio","isPartOf":{"@id":"https:\/\/visomacs.com\/#website"},"datePublished":"2026-04-27T03:37:04+00:00","dateModified":"2026-04-27T13:53:47+00:00","breadcrumb":{"@id":"https:\/\/visomacs.com\/tienda-apple-segunda-mano-sevilla\/macbook-pro-retina-13-2020-touchbar-i5-16gb-ram-512gb-ssd-space-grey-box\/#breadcrumb"},"inLanguage":"pt-PT","potentialAction":[{"@type":"ReadAction","target":["https:\/\/visomacs.com\/tienda-apple-segunda-mano-sevilla\/macbook-pro-retina-13-2020-touchbar-i5-16gb-ram-512gb-ssd-space-grey-box\/"]}]},{"@type":"BreadcrumbList","@id":"https:\/\/visomacs.com\/tienda-apple-segunda-mano-sevilla\/macbook-pro-retina-13-2020-touchbar-i5-16gb-ram-512gb-ssd-space-grey-box\/#breadcrumb","itemListElement":[{"@type":"ListItem","position":1,"name":"Portada","item":"https:\/\/visomacs.com\/"},{"@type":"ListItem","position":2,"name":"Tienda","item":"https:\/\/visomacs.com\/tienda-apple-segunda-mano-sevilla\/"},{"@type":"ListItem","position":3,"name":"MACBOOK PRO RETINA 13 2020 TOUCHBAR, I5\/16GB RAM\/512GB SSD SPACE GREY BOX"}]},{"@type":"WebSite","@id":"https:\/\/visomacs.com\/#website","url":"https:\/\/visomacs.com\/","name":"Visomacs ( a RITEL IT SERVICES group)","description":"Todos nuestros productos son examinados por profesionales y poseen 1 a\u00f1o de garant\u00eda. Realizamos env\u00edos gratuitos 24 h en la pen\u00ednsula. ","publisher":{"@id":"https:\/\/visomacs.com\/#organization"},"potentialAction":[{"@type":"SearchAction","target":{"@type":"EntryPoint","urlTemplate":"https:\/\/visomacs.com\/?s={search_term_string}"},"query-input":{"@type":"PropertyValueSpecification","valueRequired":true,"valueName":"search_term_string"}}],"inLanguage":"pt-PT"},{"@type":"Organization","@id":"https:\/\/visomacs.com\/#organization","name":"Visomacs ( a RITEL IT SERVICES group)","url":"https:\/\/visomacs.com\/","logo":{"@type":"ImageObject","inLanguage":"pt-PT","@id":"https:\/\/visomacs.com\/#\/schema\/logo\/image\/","url":"https:\/\/visomacs.com\/wp-content\/uploads\/2017\/10\/logo.png","contentUrl":"https:\/\/visomacs.com\/wp-content\/uploads\/2017\/10\/logo.png","width":235,"height":40,"caption":"Visomacs ( a RITEL IT SERVICES group)"},"image":{"@id":"https:\/\/visomacs.com\/#\/schema\/logo\/image\/"},"sameAs":["https:\/\/www.facebook.com\/visomacs\/","https:\/\/www.instagram.com\/visomacs\/"]}]}},"_links":{"self":[{"href":"https:\/\/visomacs.com\/pt\/wp-json\/wp\/v2\/product\/42162","targetHints":{"allow":["GET"]}}],"collection":[{"href":"https:\/\/visomacs.com\/pt\/wp-json\/wp\/v2\/product"}],"about":[{"href":"https:\/\/visomacs.com\/pt\/wp-json\/wp\/v2\/types\/product"}],"wp:attachment":[{"href":"https:\/\/visomacs.com\/pt\/wp-json\/wp\/v2\/media?parent=42162"}],"wp:term":[{"taxonomy":"product_brand","embeddable":true,"href":"https:\/\/visomacs.com\/pt\/wp-json\/wp\/v2\/product_brand?post=42162"},{"taxonomy":"product_cat","embeddable":true,"href":"https:\/\/visomacs.com\/pt\/wp-json\/wp\/v2\/product_cat?post=42162"},{"taxonomy":"product_tag","embeddable":true,"href":"https:\/\/visomacs.com\/pt\/wp-json\/wp\/v2\/product_tag?post=42162"}],"curies":[{"name":"wp","href":"https:\/\/api.w.org\/{rel}","templated":true}]}}

<p>MacBook Pro Retina 13 Touchbar año 2020, color Space Grey, equipado con procesador i5-1038NG7, 16 GB RAM y SSD de 512GB. La batería presenta  ciclos de carga. Presenta leves marcas de uso, como puede verse en las imágenes de producto. Se entrega con su embalaje original y 1 año de garantía.</p>

<!-- This site is optimized with the Yoast SEO plugin v27.4 - https://yoast.com/product/yoast-seo-wordpress/ -->
<title>MACBOOK PRO RETINA 13 2020 TOUCHBAR, I5/16GB RAM/512GB SSD SPACE GREY BOX - Visomacs - Dispositivos Apple de segunda mano al mejor precio</title>
<meta name="robots" content="index, follow, max-snippet:-1, max-image-preview:large, max-video-preview:-1" />
<link rel="canonical" href="https://visomacs.com/tienda-apple-segunda-mano-sevilla/macbook-pro-retina-13-2020-touchbar-i5-16gb-ram-512gb-ssd-space-grey-box/" />
<meta property="og:locale" content="pt_PT" />
<meta property="og:type" content="article" />
<meta property="og:title" content="MACBOOK PRO RETINA 13 2020 TOUCHBAR, I5/16GB RAM/512GB SSD SPACE GREY BOX - Visomacs - Dispositivos Apple de segunda mano al mejor precio" />
<meta property="og:description" content="MacBook Pro Retina 13 Touchbar año 2020, color Space Grey, equipado con procesador i5-1038NG7, 16 GB RAM y SSD de 512GB. La batería presenta  ciclos de carga. Presenta leves marcas de uso, como puede verse en las imágenes de producto. Se entrega con su embalaje original y 1 año de garantía." />
<meta property="og:url" content="https://visomacs.com/tienda-apple-segunda-mano-sevilla/macbook-pro-retina-13-2020-touchbar-i5-16gb-ram-512gb-ssd-space-grey-box/" />
<meta property="og:site_name" content="Visomacs - Dispositivos Apple de segunda mano al mejor precio" />
<meta property="article:publisher" content="https://www.facebook.com/visomacs/" />
<meta property="article:modified_time" content="2026-04-27T13:53:47+00:00" />
<meta name="twitter:card" content="summary_large_image" />
<!-- / Yoast SEO plugin. -->

MacBook Pro Retina 13 Touchbar año 2020, color Space Grey, equipado con procesador i5-1038NG7, 16 GB RAM y SSD de 512GB. La batería presenta  ciclos de carga. Presenta leves marcas de uso, como puede verse en las imágenes de producto. Se entrega con su embalaje original y 1 año de garantía.

Todos nuestros productos son examinados por profesionales y poseen 1 año de garantía. Realizamos envíos gratuitos 24 h en la península.
